z(8). Suppose 0 = 5*p - 5*n - 280, -2*p = -3*n - u - 67. What is the tens digit of p?
5
Let u = 13 + -8. Suppose 25 = u*i - 25. What is the tens digit of i?
1
Let b = 5 + 1. Suppose -n = -b*n - 5. What is the units digit of -6*4/6*n?
4
Let i be (-12 + (-2)/1)/(-2). Let a(h) = 2*h - 9. What is the units digit of a(i)?
5
Let s(g) = g**3 - 9*g**2 - 4*g + 8. What is the tens digit of s(10)?
6
Let v(y) = -9*y - 38. What is the tens digit of v(-26)?
9
Suppose -5*t = -90 - 60. What is the tens digit of t?
3
Let n(x) = -x**3 + 11*x**2 - 11*x + 10. Let d be n(10). Suppose -5*a = -d*z + 5*z - 55, -a - 5*z = -15. What is the units digit of a?
0
Let j = -2 - -6. Suppose 3*t = -t - 20, -j*w + 13 = -t. Suppose -11 = w*z - 57. What is the units digit of z?
3
Let k(z) = z**3 - 3*z**2 - 2*z + 13. What is the tens digit of k(6)?
0
Suppose 2*q - 3 = -2*c - 1, c + 5 = q. Let j be (1 - q)*5/(-2). Suppose j*h + 10 = 5*r, -5*r + 2*h + 32 - 7 = 0. What is the units digit of r?
7
Let b(q) = -q**2 - 10*q - 8. Let o be b(-8). Let g = o + -3. What is the units digit of g?
5
Suppose -3*j = 7*a - 2*a - 24, 24 = 4*a + 4*j. What is the units digit of a?
3
Let z = 98 - -102. What is the units digit of z?
0
Let h be 1 - (1 - (0 + 0)). Suppose -m - m + 10 = h. Suppose s - m*s + 4 = 0. What is the units digit of s?
1
Let g be (0/3)/6*1. Let v(i) be the third derivative of -i**6/120 - i**4/24 + 7*i**3/6 + i**2. What is the units digit of v(g)?
7
Let j = 3 - 1. Suppose -t - j*t + 9 = 0. What is the units digit of t?
3
What is the tens digit of (3/4)/((-6)/(-288))?
3
Suppose 34 + 186 = 5*c. What is the tens digit of c?
4
What is the units digit of 42 - ((-5)/35 + (-1)/(-7))?
2
Let p(w) = 2*w - 1. Let u be p(11). Suppose 4*m - u - 19 = 0. What is the tens digit of m?
1
Let a be (0/(1 - 0))/(-1). Let q = -2 - -6. Suppose -q*f - 8 = a, 2*p - 4*f - 22 = -f. What is the units digit of p?
8
Let t = 64 - 32. What is the units digit of t?
2
Suppose 3*a = -x - 3*x + 80, 4*a + x - 85 = 0. What is the tens digit of a?
2
Let x = 17 + 61. What is the tens digit of x?
7
Let g be (-4)/(-10) - (-6)/(-15). Let d(y) = -15 + 0*y + g*y + 2*y. What is the units digit of d(10)?
5
Let o = -8 - -20. What is the units digit of o?
2
Let j = -17 + 2. Let k = j - -27. Let p = k - 0. What is the tens digit of p?
1
Suppose l + 4*p = -0*p + 7, 4*l - 4*p = 8. Suppose l*u = 2*u + 26. What is the tens digit of u?
2
Let y(m) = m**2 - 3*m + 5. Let v be y(7). Let j = -18 + v. Suppose -s + 3*s + 4*b - 30 = 0, j = 3*s - 4*b. What is the units digit of s?
9
Suppose 113 = 4*g + 21. What is the units digit of g?
3
Suppose p - 3 = 2. Suppose -2*l = -4*q + 8*q + 18, 0 = p*l - 4*q - 25. Suppose -y - z = -11 - l, -3*y - 2*z + 33 = 0. What is the units digit of y?
9
Let a = 54 + 8. What is the units digit of a?
2
What is the hundreds digit of (-2)/(6/(-831)) - -3?
2
Let t = -17 + 31. What is the units digit of t?
4
Suppose -5*h + 3*h + 6 = 0. Suppose w = -h*w + 20. What is the units digit of w?
5
Suppose 0*a = a. Let f(v) = 2*v - 17. Let w(c) = 5*c - 50. Let u(i) = 8*f(i) - 3*w(i). What is the units digit of u(a)?
4
Suppose q = -2*q + 2*j + 127, 5*j = -3*q + 113. What is the tens digit of q?
4
Let k be 4/3 - (-4)/6. Let v(l) = 2*l. What is the units digit of v(k)?
4
Let w = -2 + 3. Suppose -10 = -5*l, -z - l = w - 8. What is the units digit of z?
5
Let h = -11 - -20. Let r = h + -6. What is the units digit of r?
3
Suppose -484 + 1828 = 12*r. What is the hundreds digit of r?
1
Let c = -154 + 263. What is the tens digit of c?
0
Suppose 5*m - 23 - 47 = 5*r, 0 = 4*r - 5*m + 57. Suppose -2*a + 4*s = -6, -5*s + s = -5*a + 15. Let z = a - r. What is the tens digit of z?
1
Let x(w) = w + 4. Let y be x(-6). Let v be y/(-8) - 17/4. Let d = v - -10. What is the units digit of d?
6
Let m = -32 + 47. Suppose -b + 0*b = 1. What is the units digit of 3*m/9 - b?
6
Suppose -4*n - 121 = -17. What is the units digit of 1 - (n + 0 + 2)?
5
Let r(c) = -c**3 - 3*c**2 - c + 2. Let a be r(-3). Suppose 0 = -a*m + 4*m. What is the units digit of m - (-2)/(1 + 0)?
2
What is the units digit of 105/6*48/6?
0
Let t(l) = l**3 - 6*l**2 + 2. Let i be t(6). Suppose -s + i + 16 = 0. Suppose -y + s = y. What is the units digit of y?
9
Let r = 39 - 10. Let z = -151 + r. What is the tens digit of 1/(-6) + z/(-12)?
1
Let d = -6 - -6. Suppose -5*v - 4*h + 41 + 16 = 0, d = -5*v + h + 42. What is the units digit of v?
9
Let o(s) = -s**3 - 3*s**2 - 3*s - 3. What is the units digit of o(-3)?
6
Let d(y) = 2*y**2 - 3*y - 1. Let h = 4 - 2. Let j = 5 - h. What is the units digit of d(j)?
8
Let t(f) = f**2 - f - 2. Let z be t(-8). Suppose -62 - z = 4*o. Let k = o + 50. What is the units digit of k?
7
Let p(u) = 3*u**3 + u**2 - 1. Let x be p(1). Suppose -x*i - q + 57 = -0*q, 0 = i + 2*q - 19. What is the tens digit of i?
1
Let k = 0 + 6. Let h(f) be the third derivative of f**4/12 - f**3 + 3*f**2. What is the units digit of h(k)?
6
Let o(j) = 4*j**3 - 22*j**2 + 12*j + 7. What is the hundreds digit of o(6)?
1
Suppose -2*a + 0 = -4. Let j = a + -3. What is the units digit of j/2*(2 + -6)?
2
Let a(l) be the second derivative of 1/6*l**3 + 2*l + 5/2*l**2 + 0. What is the units digit of a(0)?
5
Let m = 22 + -14. Suppose -6 = -u + m. What is the units digit of u?
4
Let v = -5 - 0. Suppose -12 = 4*u, 0 = 4*l - 4*u + 2*u - 38. Let o = v + l. What is the units digit of o?
3
Let l be (-3626)/84 - 1/(-6). Let w = 61 + l. What is the tens digit of w?
1
Let b = -8 - -10. What is the units digit of (-11 + b + 0)/(-1)?
9
Let o = 112 + -62. What is the units digit of o?
0
Let o(u) be the third derivative of u**6/60 - u**5/60 + u**4/24 - 2*u**2. Let d be o(1). What is the units digit of 3/d*8/6?
2
Let k = -8 - -13. Suppose k*j = 89 + 61. What is the tens digit of j?
3
What is the tens digit of ((-14)/(-8) - 0)/((-1)/(-36))?
6
Suppose -2*z + 1120 = 2*w + 2*w, 0 = w + 4*z - 294. What is the hundreds digit of w?
2
Suppose 5*l + 4*n = n + 16, 4*l = 5*n - 2. Suppose 0 = -l*m + 4*o + 15 + 9, 5*m + o = 5. Let u = 5 - m. What is the units digit of u?
3
Let u(l) = 2*l - 3. Let p be u(3). Let a(d) = -d - 3. Let h be a(-4). Suppose 22 = p*s + h. What is the units digit of s?
7
Let t(f) = 12*f**2 + 3*f - 1. What is the units digit of t(2)?
3
What is the units digit of (76/12)/(1/9 - 0)?
7
Let r = -4 - -6. Suppose -3*v - r*v + 9 = j, 0 = -4*v - 2*j + 6. Suppose -4*w = 8, -v*d = 3*d - 4*w - 68. What is the tens digit of d?
1
Let n(m) = m**3 - 8*m**2 - 7*m - 8. Suppose -135 = -f - 4*f. Let b be ((-1)/(-3))/(1/f). What is the units digit of n(b)?
0
Let z(w) = -w**2 - 13*w - 16. Let x be z(-11). Suppose x*j - j = 80. What is the tens digit of j?
1
Let n be (-7)/(63/24)*-3. What is the units digit of 21 - 0 - 16/n?
9
Let c(z) = -2*z**2 + 5*z + 10. Let s be c(6). What is the tens digit of (s/(-10))/(6/30)?
1
Let s = 36 + 2. What is the units digit of s?
8
Let f(m) = 2*m**3 + 26*m**2 + 2*m - 4. Let v(q) = q**3 + 13*q**2 + q - 2. Let c(b) = -3*f(b) + 5*v(b). What is the units digit of c(-13)?
5
Suppose 280 = -0*a + 4*a. What is the tens digit of a?
7
Let o = 56 + -22. What is the tens digit of o?
3
Suppose 0 = -3*u + 6, 3*p + 3*u - 1 = 5. Suppose -6*a + a + 60 = p. What is the tens digit of a?
1
Let a(n) = -15*n**3 - n**2 - 2*n - 1. What is the hundreds digit of a(-2)?
1
Let v = 7 + -5. Suppose -s + 2*s = 2*m, -3*m - 4 = -v*s. What is the units digit of s?
8
Let q(k) = 4*k**2 - 7*k - 9. Let v(m) = 7*m**2 - 15*m - 17. Let n(t) = 5*q(t) - 3*v(t). What is the tens digit of n(9)?
1
Suppose -6 = -2*w + 5*o, 2*w - 1 = -3*o + 5. What is the units digit of w?
3
Let g = 0 - -9. Suppose -3*u + g = -2*u. Suppose -4*h + 6*l - l = 11, u = 3*h + 2*l. What is the units digit of h?
1
Let x = -69 - -80. What is the units digit of x?
1
Let x(n) = n - 5. Let k be x(7). Let v(m) = -5*m**2 - 7*m + 2. Let f(h) = 4*h**2 + 6*h - 1. Let p(u) = k*v(u) + 3*f(u). What is the tens digit of p(-4)?
1
Let c be (-2 + 6/(-2))/(-1). Suppose -6 = -c*x + 34. Suppose -d + x = d. What is the units digit of d?
4
Let p = 79 + 125. What is the tens digit of p/5 + 4/(-5)?
4
Suppose -p + 70 = -46. What is the tens digit of p?
1
Suppose 8*p + 11*p = 3762. What is the units digit of p?
8
Let s = -522 + 734. What is the units digit of s?
2
Let x = 7 - 2. S